te the greatest common factor of 15 and m.
15
Suppose h - 2 + 6 = 0. Let f be 270/24 - (-1)/h. What is the highest common factor of f and 88?
11
Suppose d + 50 = 3*v, 3*d - 11 = 2*v - 42. Let o = -6 + v. Suppose 3*a + 5*n = 38, n + 47 = 4*a + 4*n. Calculate the greatest common divisor of a and o.
11
Let j(u) = -u**2 + 6*u + 1. Let c be j(6). What is the highest common factor of 3 and c?
1
Let d = 0 + 9. Let w(p) = -15*p + 6. Let s(j) = j - 13. Let k be s(8). Let y be w(k). What is the highest common divisor of d and y?
9
Let j(b) = -5*b**2 - b + 6. Let q(a) = -6*a**2 + 7. Let d(v) = -7*j(v) + 6*q(v). Let x be d(4). Calculate the greatest common factor of x and 84.
12
Let l be 2/((-4)/(-2)) - -2. Suppose q = 3*o - l*q - 198, 5*o = -q + 330. Calculate the highest common divisor of o and 6.
6
Let j be -3 + 1 + -9 - 1. Let g be j/(3*-1) + -2. Suppose -3 = -w + g*w - 4*u, 3*w = 3*u. What is the greatest common divisor of w and 4?
1
Let u be -26*(-1 - 0) - -2. Suppose -3*t + t = -u. Calculate the greatest common divisor of 35 and t.
7
Suppose 4*r - 670 = -3*t, -r + 2*t + 85 + 88 = 0. Calculate the highest common divisor of 13 and r.
13
Let h = 9 - 7. Suppose -h*u - 5*g + 67 = u, -74 = -3*u + 2*g. What is the greatest common divisor of 6 and u?
6
Let z = 53 - 42. What is the highest common factor of 33 and z?
11
Suppose 3*t = t + 42. Calculate the highest common factor of 7 and t.
7
Let u be 2/(-11) - (-167)/11. Calculate the highest common divisor of 15 and u.
15
Let t be -6*2 + 4/(-2). Let f be (-225)/(-21) - 4/t. Let h(b) = b**3 + b + 11. Let n be h(0). Calculate the highest common factor of f and n.
11
Let x be 0 - (-294)/9*3. What is the greatest common divisor of x and 14?
14
Let k = 27 + -20. Let a(i) = -3*i**3 + 2*i + 1. Let y be a(-2). What is the highest common divisor of k and y?
7
Let g be 1/(-2) + (-252)/(-24). Calculate the greatest common divisor of g and 2.
2
Let a = 1 + 3. Suppose -g = -a - 1. Suppose 4*x = -2*o + 140, 4*o - g*x - 71 - 196 = 0. Calculate the greatest common divisor of 17 and o.
17
Let c = 141 + -81. Let y be (13 + 2)*(-2)/(-2). What is the greatest common divisor of c and y?
15
Let s(h) be the second derivative of -h**5/20 + h**4/12 + h**3/2 - h**2/2 - h. Let l be s(2). What is the highest common divisor of 3 and l?
1
Let h = -8 - -3. Let b(l) = -3*l + 4. Let q be b(h). Calculate the greatest common factor of q and 19.
19
Suppose -2*g - 657 = g. Let d be (-3)/(0 - 3) - g. What is the highest common divisor of 20 and d?
20
Suppose 6*w - 160 = 680. Calculate the highest common divisor of w and 28.
28
Let g = -11 - -62. Let a = 13 + g. What is the highest common factor of a and 8?
8
Suppose 4*h + 0*h + 17 = -5*b, h - 5*b = 2. Let n be 4/h*(-228)/(-8). Let c = 39 - n. What is the highest common factor of 7 and c?
7
Let n be ((-15)/6 + 1)*10. Let y be 9/n + (-163)/(-5). Let a(b) = b**3 - 4*b**2 + 4. Let u be a(4). Calculate the greatest common divisor of y and u.
4
Let p = 15 + -6. Let n = -1 - -2. What is the highest common divisor of n and p?
1
Let a = -81 + 119. Suppose 0 = -4*f - p + 116, 0 = -f + p + p + a. Calculate the greatest common factor of f and 12.
6
Let h be 561/9 + (-4)/(-6). Let z = -2 - -11. What is the highest common divisor of z and h?
9
Suppose 0*j + 4*j = 84. Let k(g) = -12*g**3 - 2*g**2 - 3*g - 3. Let n be k(-2). Suppose -2*m + j = -n. Calculate the greatest common divisor of m and 7.
7
Suppose 138 - 3 = 9*f. What is the highest common factor of 165 and f?
15
Let f(i) = i - 4. Let g be f(6). Let s = 1 - g. Let v be (-5 - 1)/3*s. Calculate the highest common factor of 3 and v.
1
Let o(p) = p**2 - 7*p + 6. Let k be o(6). Let i = 40 + k. What is the greatest common divisor of i and 16?
8
Let k(w) = -23*w - 2. Let c be k(-2). Let d = -81 - -85. What is the highest common factor of d and c?
4
Let u be 3/((-9)/(-6))*-2. Let s = u + 4. Suppose 5*w + 76 - 276 = s. Calculate the highest common factor of w and 8.
8
Let n be (-1 + 3)*8/(-4). Let p be 2*25 - 4/n. Calculate the greatest common factor of 17 and p.
17
Let y(x) = -10*x - 2. Let o(d) = -3*d + 1. Let i be o(1). Let q be y(i). Suppose -c + 11 = -1. Calculate the highest common divisor of q and c.
6
Let f(t) = t + 1. Let l(y) = 7*y + 20. Let w(p) = -6*f(p) + l(p). Let i be w(0). Let a = 18 - -80. What is the highest common factor of i and a?
14
Suppose a = -5 - 9. Let f be (-60)/a + (-8)/28. Suppose k = -2*o - f, k + 9 = -4*o - 1. What is the highest common divisor of 16 and k?
2
Suppose 3*t + 5*g = -2*t + 50, -g - 32 = -5*t. Let d be -2 - (-2 + 0) - -56. Let b be (3/(-2))/((-6)/d). Calculate the greatest common divisor of t and b.
7
Suppose -5*q + 154 - 12 = x, -584 = -4*x - 4*q. Let u be (2 - 1 - 2) + 22. Calculate the greatest common factor of x and u.
21
Let a = 51 - 20. Suppose 4*w + 11 = a. Suppose 4*h - 2*f - 54 = 2, -h - w*f = -25. Calculate the greatest common divisor of 165 and h.
15
Let h(p) = -p**3 - p**2 + 1. Let y be h(1). Let i be 3 + (4 - 2)/y. Suppose -2*w - v = -16, -5 = -2*w + 2*v - i. What is the highest common divisor of w and 24?
6
Suppose l - 10 = x, -4*x + 0*x = -4. What is the greatest common divisor of l and 77?
11
Let m = 26 - -7. What is the greatest common divisor of m and 11?
11
Let q(b) = b**2 - 1. Let y be q(2). Let h be y/((-2)/(-18)*1). Let k be (5/(-10))/(4/(-72)). Calculate the highest common divisor of k and h.
9
Suppose 101*n = 106*n - 120. What is the greatest common factor of 264 and n?
24
Let t = 17 + 11. Calculate the greatest common divisor of t and 7.
7
Suppose -5*i = -4*i - 39. Calculate the greatest common divisor of 26 and i.
13
Let j(l) = -1 + 3 - 4*l - 8. Let v be j(-9). Let a = -15 - -25. Calculate the greatest common factor of v and a.
10
Let v(s) = -3*s**3 + s**2 - s - 2. Let u be v(-2). Calculate the greatest common factor of u and 140.
28
Let k(r) = 3*r + 17. Let z be k(-5). Suppose -66 = -5*f + z*f. What is the greatest common factor of 66 and f?
22
Let x(k) be the second derivative of -1/3*k**3 + 1/6*k**4 + 1/2*k**2 + 23/20*k**5 + k + 0. Let v be x(1). Calculate the highest common divisor of v and 8.
8
Let m be 578/8 + 1/(-4). Let s be (-4*1)/(-3 + (-15)/(-6)). Calculate the greatest common factor of m and s.
8
Let w be (-3 + (-117)/(-6))*4. Suppose -5 = -3*q + 3*f + 58, 3*q - w = 2*f. What is the greatest common divisor of q and 24?
24
Let b = 33 - 22. Let u = b - -17. Calculate the greatest common factor of 7 and u.
7
Let y = 20 + 1. Calculate the highest common factor of 42 and y.
21
Suppose -15 = 3*o + t + 2*t, 0 = 3*o - 5*t - 25. Suppose o = 6*c - 21 - 1167. What is the greatest common divisor of c and 18?
18
Suppose 2*a + 4*l = -13 + 99, 3*l + 48 = a. Let o be (21 - 2) + 2/(-2). Calculate the highest common factor of a and o.
9
Let z be (64/6)/(-2)*-3. Suppose 3*m - 2*m + 18 = 0. Let p = -10 - m. What is the greatest common divisor of p and z?
8
Let p(l) = -l**3 - 6*l**2 + 4*l - 4. Suppose 1 = -3*k - 11. Let c be p(k). Let h = 172 + c. Calculate the greatest common factor of 15 and h.
15
Let t(u) be the third derivative of -u**4/24 + u**3 - 2*u**2. Let n be t(-8). What is the highest common factor of 21 and n?
7
Let r = 5 + -7. Let o be ((-27)/r)/(18/24). Calculate the greatest common divisor of 12 and o.
6
Suppose 63 = 4*d - w, -4*w + 23 = -3*d + 67. What is the greatest common divisor of 176 and d?
16
Let h(t) = t**2 - 8*t - 6. Let g be h(8). Let w = 3 + g. Let o be (1/1)/(w/(-60)). Calculate the greatest common factor of o and 8.
4
Suppose -4*d - d + 25 = 0. Suppose -d*w - 21 = -2*w. Let p be (60/35)/((-1)/w). What is the greatest common divisor of 12 and p?
12
Let b(s) = s**3 - 10*s**2 + 19*s - 8. Let v be b(8). What is the greatest common divisor of v and 8?
8
Let t(k) be the first derivative of 18*k**2 - 3*k + 2. Let z(l) = -l - 3. Let q be z(-6). Let a be t(q). Calculate the highest common factor of a and 42.
21
Suppose 16 = 3*h - 20. Suppose 2*v - 216 = -v. Calculate the highest common factor of v and h.
12
Let m = -7 - -5. Let t be -2 + (m - -7) + 2. Suppose y + 4*y - 5*n = 70, t*n = y - 18. Calculate the greatest common divisor of 143 and y.
13
Let b(a) = -2*a + 1 - a**2 - a**3 + 2*a**2 + 2*a**3 + 0*a. Let x be b(2). What is the greatest common divisor of x and 18?
9
Let w(l) =